6*d = -4*a - 5555, -3*a - 15 = 0. Calculate the remainder when 1118 is divided by d.
11
Suppose -3*u - 58 - 35 = 0. Let g = 80 + u. Let t = 74 - g. What is the remainder when 74 is divided by t?
24
Suppose -2*o + 3*p = 0, 3*o - 4*p - 1 = -0*o. What is the remainder when 69 is divided by 189/o + (-14)/7 + 2?
6
Suppose -2*a = -a - 40. Let o be 12*1/24*88. Suppose -o*k = -a*k - 148. Calculate the remainder when k is divided by 19.
18
Calculate the remainder when 1369 is divided by (-1758)/(-22) + 3636/3333.
73
Suppose 0 = 5*d + 7*j - 3*j - 40, -5*j = -3*d + 61. Suppose -d*x = -21*x + 522. What is the remainder when x is divided by 31?
27
Let n(l) = -l**3 + 34*l**2 - 40*l + 267. What is the remainder when 285 is divided by n(33)?
33
Suppose 3*a - 76 = -5*f, 69*a - 112 = 65*a + 4*f. Let v = -93 + 208. What is the remainder when v is divided by a?
7
What is the remainder when 554*(98/7 + -13) is divided by 208?
138
Let n = -5 + 8. Suppose -19 = -2*q + n. What is the remainder when q is divided by (-33)/33*(-2 - 2)?
3
Let z(p) = -p**3 - 21*p**2 + 11*p - 30. Let m be z(-22). Let j = 373 - m. Calculate the remainder when j is divided by 86.
75
Let o(l) = 23*l - 1654. Calculate the remainder when 1898 is divided by o(73).
23
Let s be ((-500)/(-10))/(-10) - 100. Calculate the remainder when (1 - s) + -8 + -2 is divided by 20.
16
Suppose 0 = 3*k + 2*p - 491, 2*k - k + 4*p = 167. Calculate the remainder when 3583 is divided by k.
160
Let m(d) = 13*d**2 + d + 2. Let f be m(-1). Suppose -f*u + 12*u = 42. What is the remainder when 83 is divided by (2 + (-77)/u)/(2/6)?
15
Suppose -s + 679 = 102. Let c = s + -553. What is the remainder when 382 is divided by c?
22
Let b = 4670 + -4650. What is the remainder when 1777 is divided by b?
17
Let y be (-31)/((-5)/10*-2). Let n = 112 + y. Let l = -77 + n. Calculate the remainder when 11 is divided by l.
3
Let o(y) = 4*y**2 + 18*y + 44. Calculate the remainder when 951 is divided by o(-3).
15
Let m = 19 + -17. Let u(x) = -2*x + 37. Suppose -7 = -4*n + 61. What is the remainder when u(n) is divided by m?
1
Let w(s) = -s**3 + 6*s**2 + s - 29. Let l be w(4). Suppose d - i - 22 = 0, l*i + 15 = 4*i. Calculate the remainder when 29 is divided by d.
12
What is the remainder when (-102)/(-255) - (-19209)/15 is divided by 425?
6
Let h = -6649 - -6785. What is the remainder when h is divided by 41?
13
Let w(i) = 32*i + 1631. What is the remainder when w(-24) is divided by 36?
35
Suppose -4*n + 5*j = 7, 3*n = 4*j - 4 - 2. Suppose -5*r - 2*v - 2*v = -38, n*r + 4*v = 20. Calculate the remainder when 454 is divided by r.
4
Suppose 12 - 136 = -4*q - 2*l, -4*q + 2*l = -124. Calculate the remainder when 6910 is divided by q.
28
Let r(d) = -d**2 + 48*d - 46. Let q be r(36). Let u = -263 + q. What is the remainder when u is divided by 4?
3
Let i = -20866 + 21260. Calculate the remainder when i is divided by 100.
94
Suppose w = 3*s - 0*w + 7, 0 = 4*s - 2*w + 10. Let j(g) = 16*g**2 - 5*g - 9. Let x(p) = 23*p**2 + 2*p - 1. Calculate the remainder when j(s) is divided by x(1).
17
Let x(d) = d**3 + 21*d**2 - 151*d - 35. What is the remainder when x(-14) is divided by 72?
67
What is the remainder when 524 is divided by (-1 - 1)/(53/((-1484)/8))?
6
Let g(w) = 7*w - 19. Let f be g(5). Suppose f = -m + 61. Suppose -5*v + 4*n + 36 = -v, m = 4*v + 5*n. What is the remainder when v is divided by 8?
2
Suppose 4*w - 5*o - 23428 = -9052, 4*w - o = 14344. Calculate the remainder when w is divided by 78.
74
Let a(o) = -6*o + 133. Let u be a(-17). Suppose -18*x = -559 + u. What is the remainder when 43 is divided by x?
7
Let v = -61 + 163. Let o = 0 + v. Let p = o + -66. Calculate the remainder when 142 is divided by p.
34
Suppose -2*u = -6, -16 + 55 = -3*o - 3*u. Calculate the remainder when 2*((-1992)/o + 0) is divided by 63.
60
Suppose 3203 = 40*a - 8437. Calculate the remainder when 874 is divided by a.
1
Suppose 4*a + a = -20. Calculate the remainder when 221 is divided by (-32)/((-7)/(-14)*a).
13
Let w = 214 - 97. Let y be 0/(-7 + -10*(-4)/8). Suppose y = 4*p + 5*m - 73, 4*p - m = 2*m + 65. Calculate the remainder when w is divided by p.
15
Suppose -4*c + 2*u + 512 = 0, -19*c = -31*c - 2*u + 1504. Calculate the remainder when 323 is divided by c.
71
Let z = -14 - -4. Let u(m) = 4*m - 1. Calculate the remainder when (-32)/z + 60/75 is divided by u(1).
1
Let d(t) = 3057*t**2 + 194*t - 192. What is the remainder when d(1) is divided by 17?
16
Suppose -2*o - 2*o = -8. Let d(s) = -15*s + 10*s**3 - 8*s**o - 2*s**2 - 11*s**3 - 20. Calculate the remainder when d(-9) is divided by 19.
15
Let c(h) = -h + 128. Let u be c(40). Suppose 3*v = -5*v + u. What is the remainder when 109 is divided by v?
10
Let l(g) = -13*g**3 - 24*g**2 + 4*g + 10. What is the remainder when l(-6) is divided by 14?
12
Let y(g) = g**3 - 21*g**2 - 12*g + 81. Calculate the remainder when y(24) is divided by 139.
131
Suppose 2*i - 968 - 1404 = 0. Let r = i - 538. Calculate the remainder when r is divided by 31.
28
Suppose -20*k = -22*k + 708. Let h = -341 + k. What is the remainder when 156/2 + (-2 - 0) is divided by h?
11
Let v(y) = 43*y**2 + 2*y + 2. Let j be ((-90)/10 - -8)*(2 - 1). Calculate the remainder when 213 is divided by v(j).
41
Let x(y) = y + 14. Let v be x(-8). Suppose -v*t + 10 = -t. Suppose 4*u + 17 = -3*n, 37 = 3*u - 5*n - 1. Calculate the remainder when t is divided by u.
0
Let g = -67 + 109. What is the remainder when g is divided by 7 - 102/85*(-30)/(-9)?
0
Let b(u) = -50*u**3 - 110*u**2 - u - 12. What is the remainder when 712 is divided by b(-3)?
10
Calculate the remainder when (-70)/28*-2 + 2344 is divided by 28.
25
Suppose -4*d - 32*v + 34*v = -194, -d + 2*v + 50 = 0. Let y = -91 - -228. Calculate the remainder when y is divided by d.
41
Let t(o) = -o**2 - 31*o + 58. Calculate the remainder when t(-25) is divided by 58.
34
Let p(s) = 266*s**2 + 5*s + 1. Suppose 0 = 24*m - 30*m + 72. Calculate the remainder when p(-1) is divided by m.
10
Let m = -639 + 732. What is the remainder when m is divided by 55?
38
Let i(a) = -a + 263. What is the remainder when i(0) is divided by 1368/(-304)*(-7 - -1)?
20
Let x(o) = 2*o**2 + 3*o + 22. Let r be x(-3). Suppose -2*i = r - 509. Calculate the remainder when i is divided by 64.
47
Suppose y - 6*y + 15 = -d, 0 = -y + 2*d + 3. Calculate the remainder when (-1*y/(-3))/((-11)/(-451)) is divided by 15.
11
Let c = 517 - 491. Calculate the remainder when (-7945)/(-28) - (9/(-4))/(-3) is divided by c.
23
Suppose 14*j = 13*j + 3. Suppose -135 - 72 = -j*z. Suppose 0 = -3*n + b + 71, -2*n - 3*b = -8*b - z. Calculate the remainder when n is divided by 9.
4
Suppose 18 = 5*r - 27. Let m be (258/r - -1)*51. Suppose 17*y = -0*y + m. Calculate the remainder when y is divided by 13.
11
Let q be -69*(2/6 + 2). Let d be (-1988)/28 - (-2)/(-2)*1. Let k = d - q. Calculate the remainder when k is divided by 32.
25
Let i = -579 - -570. Let a(s) = -2*s**2 - 31*s - 108. What is the remainder when 134 is divided by a(i)?
8
Let l = 25 - 17. What is the remainder when 6/l - (-105)/4 is divided by 264/(-16)*520/(-858)?
7
Suppose 2*z - 9 = x, 8*x - 3*x - 25 = 0. Calculate the remainder when 8 + (z - 6 - -1) is divided by 3.
1
Let l = 4355 - 3081. Calculate the remainder when l is divided by 46.
32
Suppose -172*v + 18002 - 6722 = 63*v. Calculate the remainder when 70 is divided by v.
22
Let w(c) = -c**2 + 6*c + 8. Let n be w(7). Let h = n + 23. Suppose 0 = -10*x + 5*x - 2*y + 589, -5*x = -3*y - 579. What is the remainder when x is divided by h?
21
Suppose -4*w - 3*o = 60 + 51, 2*o = 5*w + 110. What is the remainder when 45 is divided by w*((-33)/(-2))/(-11)?
9
Suppose -2 = -2*h - 4, 89 = l - 3*h. Suppose 38*r = 33*r. Suppose r = 4*v - 2*m - 106, 2*m - 30 = 3*v - 107. Calculate the remainder when l is divided by v.
28
Calculate the remainder when 234 is divided by (1 - 50/45) + (-272)/(-18).
9
Let j = 802 + -504. Calculate the remainder when j is divided by (-310)/93*(0 + -6).
18
Let x(v) = v - 2. Let w be x(11). Suppose w = 3*k + 3*d, 2*k + 3 - 7 = -d. What is the remainder when 32 + 0 + (4 - k)*1 is divided by 12?
11
Let d(h) = -4*h + 971. Calculate the remainder when d(-9) is divided by 12.
11
Let i = 15 - 9. Let r(d) = 6*d - 5. Let p be r(4). Suppose -